d by 9679?
3765
Calculate the remainder when 274146 is divided by 335.
116
What is the remainder when 108858829 is divided by 9?
4
Calculate the remainder when 724958 is divided by 12499.
16
What is the remainder when 2434732 is divided by 18869?
631
Calculate the remainder when 17699418 is divided by 1646.
1626
What is the remainder when 63197289 is divided by 88?
1
What is the remainder when 120629251 is divided by 363?
358
Calculate the remainder when 1264961 is divided by 139.
61
What is the remainder when 14692852 is divided by 5107?
13
Calculate the remainder when 556335 is divided by 7708.
1359
What is the remainder when 161634 is divided by 32299?
139
Calculate the remainder when 19745985 is divided by 57568.
161
Calculate the remainder when 1762690 is divided by 88055.
1590
Calculate the remainder when 1026712 is divided by 2037.
64
Calculate the remainder when 2797110 is divided by 466180.
30
What is the remainder when 364523 is divided by 32764?
4119
What is the remainder when 99940 is divided by 412?
236
What is the remainder when 50524 is divided by 5604?
88
Calculate the remainder when 172762842 is divided by 1402.
1392
What is the remainder when 659323 is divided by 219772?
7
Calculate the remainder when 532554 is divided by 119.
29
Calculate the remainder when 17060 is divided by 8476.
108
What is the remainder when 8872 is divided by 455?
227
Calculate the remainder when 72417233 is divided by 246.
245
Calculate the remainder when 26548 is divided by 2135.
928
What is the remainder when 22142062 is divided by 11071020?
22
What is the remainder when 3159819 is divided by 287256?
3
What is the remainder when 49576708 is divided by 19419?
1
Calculate the remainder when 6031187 is divided by 212.
211
What is the remainder when 3961193 is divided by 171?
149
Calculate the remainder when 896388 is divided by 362.
76
What is the remainder when 1204456 is divided by 135?
121
Calculate the remainder when 31462141 is divided by 28.
25
Calculate the remainder when 103593 is divided by 4142.
43
What is the remainder when 36790816 is divided by 13?
10
What is the remainder when 1647917 is divided by 235405?
82
Calculate the remainder when 2346672 is divided by 283.
36
What is the remainder when 21713664 is divided by 751?
1
What is the remainder when 942993235 is divided by 373?
372
Calculate the remainder when 338015 is divided by 509.
39
Calculate the remainder when 5744683 is divided by 442.
9
What is the remainder when 11080170 is divided by 3019?
440
Calculate the remainder when 1535646 is divided by 262.
64
Calculate the remainder when 560492 is divided by 79688.
2676
What is the remainder when 1366955 is divided by 389?
9
Calculate the remainder when 28373559 is divided by 17.
15
What is the remainder when 219754 is divided by 964?
926
What is the remainder when 14421467 is divided by 4788?
11
Calculate the remainder when 5622393 is divided by 100.
93
Calculate the remainder when 6321023 is divided by 143.
137
What is the remainder when 29313114 is divided by 841?
59
Calculate the remainder when 85714348 is divided by 50.
48
What is the remainder when 18998517 is divided by 743?
7
What is the remainder when 9244063 is divided by 369762?
13
What is the remainder when 7126476 is divided by 1103?
1096
Calculate the remainder when 93298 is divided by 45156.
2986
What is the remainder when 3207963 is divided by 801881?
439
What is the remainder when 160331 is divided by 40057?
103
What is the remainder when 633410399 is divided by 1554?
1553
What is the remainder when 2578627 is divided by 667?
5
What is the remainder when 1391453 is divided by 66259?
14
What is the remainder when 3002042 is divided by 239?
202
Calculate the remainder when 663961 is divided by 39056.
9
What is the remainder when 52087839 is divided by 1323?
6
Calculate the remainder when 474534 is divided by 20628.
90
What is the remainder when 13524 is divided by 2769?
2448
What is the remainder when 6271 is divided by 4626?
1645
What is the remainder when 2372834 is divided by 790874?
212
Calculate the remainder when 43653 is divided by 148.
141
What is the remainder when 6593434 is divided by 299699?
56
What is the remainder when 344830697 is divided by 17?
11
What is the remainder when 2912494 is divided by 2582?
2580
What is the remainder when 678820 is divided by 351?
337
What is the remainder when 1904029 is divided by 63?
43
What is the remainder when 192246582 is divided by 15?
12
Calculate the remainder when 256291 is divided by 42700.
91
Calculate the remainder when 104486567 is divided by 11.
9
What is the remainder when 398116 is divided by 66319?
202
What is the remainder when 553226 is divided by 1320?
146
What is the remainder when 1117013352 is divided by 15?
12
What is the remainder when 235412 is divided by 47074?
42
Calculate the remainder when 8001278 is divided by 380.
378
What is the remainder when 772907 is divided by 17972?
111
What is the remainder when 195640 is divided by 192160?
3480
What is the remainder when 929928 is divided by 2393?
1444
Calculate the remainder when 1428380 is divided by 476108.
56
Calculate the remainder when 6242800 is divided by 24.
16
Calculate the remainder when 267529 is divided by 250.
29
What is the remainder when 157878 is divided by 177?
171
What is the remainder when 349686 is divided by 1369?
591
Calculate the remainder when 11248354 is divided by 44.
18
Calculate the remainder when 325270281 is divided by 14142186.
3
What is the remainder when 13124070 is divided by 22?
14
Calculate the remainder when 48629 is divided by 11763.
1577
Calculate the remainder when 2166593 is divided by 942.
935
What is the remainder when 3092163 is divided by 966?
963
Calculate the remainder when 33721651 is divided by 2507.
2501
What is the remainder when 12805 is divided by 2827?
1497
What is the remainder when 130782 is divided by 28?
22
Calculate the remainder when 72571955 is divided by 10436.
11
Calculate the remainder when 2260220 is divided by 863.
23
Calculate the remainder when 565779 is divided by 1088.
19
What is the remainder when 100070 is divided by 29?
20
Calculate the remainder when 2906792 is divided by 968929.
5
What is the remainder when 468221599 is divided by 700?
699
What is the remainder when 136229712 is divided by 1309901?
8
What is the remainder when 14695 is divided by 999?
709
What is the remainder when 1297473 is divided by 865?
838
Calculate the remainder when 6903362 is divided by 3603.
14
Calculate the remainder when 256573 is divided by 4846.
4581
Calculate the remainder when 288959 is divided by 166.
119
What is the remainder when 74285 is divided by 805?
225
What is the remainder when 19114395 is divided by 6371451?
42
What is the remainder when 197357 is divided by 64627?
3476
What is the remainder when 13772458 is divided by 167?
135
What is the remainder when 4670505 is divided by 13818?
21
Calculate the remainder when 1506582 is divided by 502054.
420
Calculate the remainder when 875558 is divided by 35021.
33
What is the remainder when 1189930319 is divided by 111?
107
What is the remainder when 24481788 is divided by 512?
508
What is the remainder when 6643877 is divided by 6624?
5
Calculate the remainder when 14226426 is divided by 1293311.
5
Calculate the remainder when 4166141 is divided by 33.
23
What is the remainder when 2456178 is divided by 116955?
123
What is the remainder when 2763638 is divided by 10880?
118
What is the remainder when 1050722 is divided by 1614?
8
Calculate the remainder when 7090606 is divided by 95.
91
What is the remainder when 371342 is divided by 73?
64
Calculate the remainder when 1000052 is divided by 528.
20
Calculate the remainder when 793437 is divided by 1102.
1099
Calculate the remainder when 418728 is divided by 376.
240
Calculate the remainder when 147443469 is divided by 103.
102
Calculate the remainder when 3081967 is divided by 1540976.
15
Calculate the remainder when 741449 is divided by 74136.
89
What is the remainder when 156708 is divided by 156382?
326
Calculate the remainder when 156240 is divided by 9180.
180
What is the remainder when 49146 is divided by 4903?
116
Calculate the remainder when 9555116 is divided by 65.
51
What is t